late the remainder when 72475 is divided by 35565.
1345
Calculate the remainder when 100302 is divided by 3084.
1614
Calculate the remainder when 1029867272 is divided by 29.
16
What is the remainder when 1110244 is divided by 555104?
36
What is the remainder when 6703558 is divided by 79?
13
What is the remainder when 15451211 is divided by 16095?
11
What is the remainder when 20257 is divided by 2438?
753
What is the remainder when 7690946 is divided by 160228?
2
What is the remainder when 1417217 is divided by 300?
17
Calculate the remainder when 156107 is divided by 31086.
677
What is the remainder when 91908 is divided by 479?
419
What is the remainder when 1151530 is divided by 3691?
3629
What is the remainder when 77851 is divided by 25819?
394
What is the remainder when 438979 is divided by 61?
23
What is the remainder when 10979518 is divided by 132283?
29
What is the remainder when 1314078 is divided by 50535?
168
What is the remainder when 2253726 is divided by 888?
870
What is the remainder when 1525858 is divided by 190702?
242
What is the remainder when 379573 is divided by 250?
73
Calculate the remainder when 120371 is divided by 86.
57
Calculate the remainder when 641562 is divided by 795.
792
What is the remainder when 16589958 is divided by 340?
338
What is the remainder when 14876448 is divided by 841?
840
What is the remainder when 27873028 is divided by 3096996?
64
What is the remainder when 124750 is divided by 41370?
640
Calculate the remainder when 1080547 is divided by 359776.
1219
Calculate the remainder when 1126428 is divided by 21.
9
What is the remainder when 3613668 is divided by 1260?
1248
What is the remainder when 570522 is divided by 11410?
22
What is the remainder when 2820872 is divided by 1641?
1634
Calculate the remainder when 1407345 is divided by 865.
855
Calculate the remainder when 191872 is divided by 298.
258
Calculate the remainder when 922026674 is divided by 101.
98
Calculate the remainder when 33031040 is divided by 371135.
25
What is the remainder when 4972184 is divided by 12556?
8
Calculate the remainder when 1818378 is divided by 263.
259
What is the remainder when 59417745 is divided by 19805913?
6
What is the remainder when 107407 is divided by 976?
47
What is the remainder when 1903553 is divided by 79312?
65
Calculate the remainder when 56959201 is divided by 63288.
1
Calculate the remainder when 4169942 is divided by 6598.
6
Calculate the remainder when 133657 is divided by 2894.
533
Calculate the remainder when 2117699 is divided by 423488.
259
What is the remainder when 128274055 is divided by 137?
133
Calculate the remainder when 157588984 is divided by 9327.
9319
What is the remainder when 33416223 is divided by 2483?
9
Calculate the remainder when 1283938 is divided by 20.
18
What is the remainder when 685168802 is divided by 7?
3
Calculate the remainder when 286679 is divided by 35749.
687
What is the remainder when 37861848 is divided by 1879?
1877
Calculate the remainder when 532848 is divided by 4672.
240
Calculate the remainder when 301778 is divided by 1898.
1894
What is the remainder when 5915487 is divided by 67?
57
Calculate the remainder when 242880 is divided by 21.
15
Calculate the remainder when 808568 is divided by 720.
8
What is the remainder when 3571432 is divided by 3444?
4
What is the remainder when 3866 is divided by 1739?
388
Calculate the remainder when 64843207 is divided by 9.
7
Calculate the remainder when 18150429 is divided by 6050138.
15
What is the remainder when 40886254 is divided by 618?
610
Calculate the remainder when 2117399 is divided by 20.
19
Calculate the remainder when 1050835 is divided by 116732.
247
Calculate the remainder when 103284 is divided by 2.
0
Calculate the remainder when 485054 is divided by 106.
104
Calculate the remainder when 132522 is divided by 1023.
555
What is the remainder when 393919 is divided by 131280?
79
What is the remainder when 75841 is divided by 2812?
2729
Calculate the remainder when 17451095 is divided by 371.
368
What is the remainder when 77871 is divided by 4070?
541
Calculate the remainder when 21144076 is divided by 11.
8
Calculate the remainder when 6256802 is divided by 231.
167
Calculate the remainder when 176746 is divided by 1099.
906
Calculate the remainder when 533212 is divided by 823.
731
Calculate the remainder when 941656 is divided by 8332.
140
What is the remainder when 26416 is divided by 6602?
8
What is the remainder when 13077766 is divided by 4359251?
13
Calculate the remainder when 494749 is divided by 3509.
3489
What is the remainder when 1177652 is divided by 95?
32
Calculate the remainder when 17634418 is divided by 421.
412
Calculate the remainder when 31974 is divided by 237.
216
What is the remainder when 4062532 is divided by 982?
980
What is the remainder when 241819 is divided by 241558?
261
Calculate the remainder when 116415 is divided by 2555.
1440
Calculate the remainder when 6406090 is divided by 100.
90
What is the remainder when 7488887 is divided by 3744418?
51
What is the remainder when 207084 is divided by 11393?
2010
Calculate the remainder when 4502719 is divided by 25.
19
What is the remainder when 244568 is divided by 409?
395
What is the remainder when 1232104246 is divided by 575?
571
What is the remainder when 5421649 is divided by 154904?
9
Calculate the remainder when 4350943 is divided by 189.
163
What is the remainder when 1578926 is divided by 1578911?
15
Calculate the remainder when 99569335 is divided by 4978466.
15
Calculate the remainder when 303871629 is divided by 101290540.
9
What is the remainder when 7482804 is divided by 53?
52
Calculate the remainder when 143078152 is divided by 34.
32
What is the remainder when 1042259 is divided by 23161?
14
Calculate the remainder when 30538574 is divided by 341.
319
What is the remainder when 43145251 is divided by 21890?
61
What is the remainder when 114173 is divided by 220?
213
What is the remainder when 74491644 is divided by 74?
62
Calculate the remainder when 25091274 is divided by 180.
174
What is the remainder when 565072 is divided by 6724?
256
What is the remainder when 1000539 is divided by 499977?
585
Calculate the remainder when 1318130 is divided by 289.
1
Calculate the remainder when 14237079 is divided by 127.
125
Calculate the remainder when 540484 is divided by 540458.
26
What is the remainder when 74753268 is divided by 11520?
11508
What is the remainder when 815096 is divided by 5030?
236
Calculate the remainder when 2391208 is divided by 17979.
1
What is the remainder when 6608387 is divided by 734265?
2
What is the remainder when 7665223 is divided by 1184?
7
Calculate the remainder when 2808624 is divided by 2012.
1884
Calculate the remainder when 301798 is divided by 150210.
1378
Calculate the remainder when 13154 is divided by 938.
22
Calculate the remainder when 14430746 is divided by 5325.
5321
What is the remainder when 2610882 is divided by 2489?
2410
What is the remainder when 8964417 is divided by 1345?
1337
What is the remainder when 1002506 is divided by 3783?
11
What is the remainder when 1083056 is divided by 296?
288
What is the remainder when 466311 is divided by 147?
27
What is the remainder when 49010557 is divided by 16336849?
10
Calculate the remainder when 2228689 is divided by 742885.
34
Calculate the remainder when 676290 is divided by 338132.
26
What is the remainder when 106934494 is divided by 23?
19
Calculate the remainder when 1616982 is divided by 2563.
2292
What is the remainder when 2081721 is divided by 28?
5
What is the remainder when 1393007 is divided by 337?
186
What is the remainder when 1787141 is divided by 595705?
26
What is the remainder when 22322563 is divided by 6012?
7
Calculate the remainder when 75376756 is divided by 545.
531
What is the remainder when 4496664 is divided by 149?
142
What is the remainder when 154910988 is divided by 880176?
12
Calculate the remainder when 3559715 is divided by 99.
71
Calculate the remainder when 702169 is divided by 1399.
1270
Calculate the remainder when 1290010 is divided by 545.
540
What is the remainder when 945978 is divided by 472989?
0
Calculate the remainder when 321162 is divided by 14598.
6
W